 divided by 23?
19
Calculate the remainder when 29/((-3)/3 - -2) is divided by 8.
5
Suppose 72 = 8*l - 5*l - 4*j, -2*l + 5*j = -48. Suppose -5*o + 13 = -4*o. Calculate the remainder when l is divided by o.
11
Suppose -5*z = -a - 3 + 37, -2*a + 2*z + 92 = 0. Suppose 6*v - 5 = a. What is the remainder when v is divided by 5?
4
Let c be (3/2)/(3/(-8)). Let d = 11 + c. Suppose 5*u = -0*u + 90. Calculate the remainder when u is divided by d.
4
Let q(h) = -h. Let z(x) = 4*x**2 - 7*x + 3. Let p(v) = -4*q(v) + z(v). Calculate the remainder when p(2) is divided by 7.
6
Let a = -8 - -5. Let f be (1 - a)*(1 - 0). Let q(l) = 2*l**2 - 4*l - 4. What is the remainder when 35 is divided by q(f)?
11
Let d be (-6)/(((-4)/2)/1). Let c = d + -1. Suppose -8*h + 16 = -4*h. What is the remainder when h is divided by c?
0
Suppose r + 5 = -0, 4*o + r - 71 = 0. Calculate the remainder when 112 is divided by o.
17
Let r(z) = 2*z - 13. Let a be r(14). Suppose 3*k - a = -2*k. What is the remainder when 3 is divided by k?
0
Let c be (-3 - 0) + (-12 - 0). Let w = 21 + c. Let b(z) = 2*z**2 - 9*z + 1. What is the remainder when 55 is divided by b(w)?
17
What is the remainder when (-1 - (-3)/1) + 37 is divided by 8?
7
Let z(j) = -5*j - 26. Suppose -3*w + w + 20 = 0. Calculate the remainder when w is divided by z(-6).
2
Calculate the remainder when ((-27)/12)/((-18)/240) is divided by 16.
14
Suppose 0 = 4*o - 5*m + 7, -5*o + m = -0*m - 7. Let b = 11 - o. Calculate the remainder when b is divided by 4.
1
Let j(n) = -3*n + 15. Suppose -5*r + 16 = 96. Calculate the remainder when j(r) is divided by 22.
19
Let s be (-1)/(-2)*(-3 + 3). Suppose 4*a + 3*f - 115 = s, 41 + 9 = 3*a - 5*f. Calculate the remainder when 47 is divided by a.
22
Suppose -4*c = -27 - 29. Calculate the remainder when -16*1/((-6)/15) is divided by c.
12
Suppose 3 - 8 = -s. Suppose 80 - 10 = s*q. What is the remainder when 53 is divided by q?
11
Suppose -t + 0*w - 21 = 3*w, 0 = 2*t - 4*w + 52. Let p(b) = -b**2 + 9*b - 6. What is the remainder when ((-41)/2)/(12/t) is divided by p(5)?
13
Let p = 26 + -21. Suppose 4*k + 46 = 8*k - p*s, 5*k = -4*s + 37. What is the remainder when k is divided by 4?
1
Let d = 42 - 24. Let u be 4/2 + -1 + 200. Suppose -u - 59 = -5*k. What is the remainder when k is divided by d?
16
Let f(p) = -20*p. Let i(b) = -b**3 + 5*b**2 - 4*b - 3. Let a be i(3). Suppose a*u = 47 - 5. Calculate the remainder when f(-2) is divided by u.
12
Let v be (11 - -7)*2/6. Suppose 0 = -4*i + 20 + 200. Suppose -c = -v*c + i. What is the remainder when c is divided by 7?
4
Let f(p) = 32*p + 3. Let b be f(4). Suppose -4*i - 5*l = -b, -5*l + 2 = -13. Suppose -10*h + 3*h + 105 = 0. What is the remainder when i is divided by h?
14
Suppose 5*z + 3*m - 145 = -2*m, 3*z - 2*m = 72. Let i = 45 - z. Let a = i - -8. What is the remainder when a is divided by 14?
13
Let h(l) = 3 + 3*l**2 + 0*l - 3*l - l**2 + 10*l**3. Let g be h(2). Let d = g - 51. Calculate the remainder when d is divided by 12.
10
Suppose -m + 2*x + 71 = 0, 3*m + 21*x - 22*x - 218 = 0. Let c = -27 + 46. Calculate the remainder when m is divided by c.
16
Let r be 4/18 - (-170)/45. Suppose -z - r = -0. Let j(b) = b**3 + 4*b**2 - 3*b - 4. Calculate the remainder when j(z) is divided by 3.
2
Let n be (-2)/6 - (-11)/(-3). Let m(c) = -9*c + 4. What is the remainder when m(n) is divided by 14?
12
Let z be 0/2 - (-120)/6. Let l = z - 18. Calculate the remainder when 6 is divided by l.
0
Let n = -10 + 140. Calculate the remainder when n is divided by 35.
25
Let d be (18/15)/(8/20). Suppose 0 = p - 2*a - 13, 2*p + d*a + 2*a = -1. Calculate the remainder when p is divided by 4.
3
Suppose p - 24 = -3*l, 4*p - 27 = 2*l - 1. What is the remainder when 44 is divided by p?
8
Let h = -5 - -9. Let n(l) = l - 4. Let z be n(h). Suppose z = -j - 3*j + 8. Calculate the remainder when 7 is divided by j.
1
Suppose -5*n + 9 = 3*c - 5, -14 = -n + 5*c. Suppose 0 = -5*q + n*q + 12. What is the remainder when 21 is divided by q?
9
Let y(t) = -t**2 + 15*t - 2. Let s be y(17). Calculate the remainder when 9 is divided by (2/3)/((-4)/s).
3
Let o(k) = k**2 + 15*k + 9. What is the remainder when o(-16) is divided by 9?
7
Let u = 208 - 134. Calculate the remainder when u is divided by 25.
24
Let y = 0 - -39. What is the remainder when y is divided by 10?
9
Suppose 149 = 5*i + 2*c, 0 = -2*i + 7*i + 3*c - 146. What is the remainder when i is divided by 18?
13
Suppose 0 = -4*z - 5*n + 18, 4*n = -0*z + 5*z - 2. Calculate the remainder when z/(-6) - 476/(-6) is divided by 27.
25
Let f(l) = -l. Let d = -20 - -13. Suppose -60 = -2*x - x. Calculate the remainder when x is divided by f(d).
6
Let r be (-34)/8 - (-4)/16. Let a = 7 + r. Suppose 2*o - 39 = -a*m, o = 6*o + 5*m - 95. Calculate the remainder when o is divided by 10.
8
Suppose 4*u - 17 + 5 = -4*p, 2*u - 2*p = 10. Let r = u - 3. Suppose 0 = -n - 0 + 1. Calculate the remainder when r is divided by n.
0
Let x(a) = 3*a**2 - 3*a - 14. Let h(o) = o**2 - o + 1. Let l(u) = 2*h(u) - x(u). Calculate the remainder when l(0) is divided by 9.
7
Let q(d) be the third derivative of d**4/6 - 5*d**3/6 + d**2. What is the remainder when 37 is divided by q(6)?
18
Let r(h) = 0*h + 14 + 9 + h + 2. What is the remainder when 74 is divided by r(0)?
24
Let p(q) = q**2 + q - 5. Suppose -78 = -3*n + 51. Calculate the remainder when n is divided by p(4).
13
Let n = -94 + 107. What is the remainder when 89 is divided by n?
11
Suppose j + 4 = 2. Let n(u) = -22*u + 1. Calculate the remainder when n(j) is divided by 23.
22
Suppose -6*l + 7*l = 44. Calculate the remainder when l is divided by 10*(1/(-2) + 2).
14
Suppose -4*k - 5*o = -34, 0 = -4*o + 12 - 4. What is the remainder when 7 is divided by k?
1
Suppose 15 = -3*m, -5*x + 2*m = -1 - 94. Calculate the remainder when 3 - 1 - -1*31 is divided by x.
16
Let s be (24/(-5))/(2/(-25)). Let q = s - 42. What is the remainder when q is divided by 10?
8
Let h = 42 + 40. Suppose 6*y + 336 = 18*y. Calculate the remainder when h is divided by y.
26
Calculate the remainder when 18 is divided by (2/8)/(4/80).
3
Let w be 2/(-4) - 1/(-2). Calculate the remainder when 17 + 2*(1 + w) is divided by (-55)/(-20) - -4 - (-2)/8.
5
What is the remainder when 77 is divided by 41 - (4 + -2 + 2 - 2)?
38
Let y(c) = -c**2 - 13*c. Suppose 5*u + 5 = 0, 2*o - 14 = -o - u. Calculate the remainder when y(-12) is divided by o.
2
Suppose 5*o + 150 = 3*m, 5*m - 2*o - o = 250. Suppose -3*l + 43 = 4*h, 2 = 3*h + 4*l - 25. Calculate the remainder when m is divided by h.
11
Let g = -1 + 2. Let q be (-2)/(-6)*3 - -5. Calculate the remainder when 57 is divided by g - 21/q*-4.
12
Let i = 39 - 28. What is the remainder when 17 is divided by i?
6
Let d = 30 + -12. Calculate the remainder when d is divided by 11.
7
Let x = 21 - 30. Calculate the remainder when (92/6)/((-6)/x) is divided by 12.
11
Calculate the remainder when 427/4 + (-5)/(-20) is divided by 27.
26
Suppose 0 = -4*n - v + 145, -3*n - 5*v + 89 + 24 = 0. What is the remainder when 107 is divided by n?
35
Let l = -58 + 84. Calculate the remainder when l is divided by 14.
12
Suppose 2*u + 79 + 191 = 0. Calculate the remainder when u/(-6) - (-6)/4 is divided by 9.
6
Let q(g) = 12*g**2 + 3*g + 1. Let k be 102*(-2 + (-24)/(-9)). Suppose 4*i + 17 - k = -3*d, 0 = 4*i - d - 63. Calculate the remainder when q(-2) is divided by i.
13
Suppose -2*o = 2*p - 34, -5*o + 5*p = -2*o - 27. Calculate the remainder when 3 + -1 + -1 + 24 is divided by o.
11
Let j = 5 + 8. Calculate the remainder when 25 is divided by j.
12
Let m = -72 + 120. Calculate the remainder when m is divided by 20.
8
Let o(u) = -8*u**3 - 2*u**2 - 2*u - 1. Let k(s) = s**2 - 5*s + 4. Calculate the remainder when o(-1) is divided by k(5).
3
Let i(z) = -5*z**3 + z**2 + z. Let j be i(-1). Suppose a + a = 6. Suppose 0 = 5*c - j, -3*d + c = -a*c - 44. What is the remainder when 30 is divided by d?
14
Let z = -10 + 24. Suppose -x + 99 = 2*b, 3*x - b = 12 + 264. Let g = -66 + x. Calculate the remainder when g is divided by z.
13
Suppose r + 3*m = 2, 4*r - 36 = -m + 3*m. Suppose -g - 5*c = 15, g + 3*g = 3*c + 32. What is the remainder when r is divided by g?
3
Suppose 0 = 5*y, 4*j - 2*y = 30 + 82. Calculate the remainder when j is divided by 13 + (-8)